Let d(n) = -n**3 + 7*n**2 + 9*n - 2. Let u be ((-24)/(-10))/((-12)/(-40)). Calculate d(u).
6
Let t(a) = -1 - a**2 - 4 + 0 - 4*a. Let f = -5 + 5. Suppose -3*c + f*c = 5*z + 23, -2*z - 5*c - 13 = 0. Calculate t(z).
-5
Let z be (-1)/(3/(-12)*2). Let f(s) be the third derivative of 1/30*s**5 + 0*s + 1/8*s**4 + 2*s**z - 1/120*s**6 + 0 - 1/2*s**3. Determine f(3).
-3
Suppose -2*t - 25 = 3*t. Let u(d) = -3*d + 1. Calculate u(t).
16
Let g(l) = -l. Suppose -4*c - 2 = 4*r - 6, 0 = -4*c + 2*r + 22. What is g(c)?
-4
Let v(k) = 2*k + 2. Let s be (6/4)/((-12)/(-16)). Suppose -s*w + 24 = w. Let r be w/28 + 66/14. Determine v(r).
12
Let k(u) = 9*u**2 - 13*u + 1. Let d(t) = -5*t**2 + 7*t. Let c(h) = 5*d(h) + 3*k(h). Let o = -1 - -3. Give c(o).
3
Let m be 55/10 + (-1)/2. Suppose -2*y + 5*y - 2*l - 17 = 0, -2*y - 5*l + 5 = 0. Suppose 0 + y = -m*w. Let d(n) = 4*n**2 + n. What is d(w)?
3
Let i(c) = -7*c - 13. Let u(m) = 4*m + 7. Let g(s) = 3*i(s) + 5*u(s). Suppose l = -2*l - 12. Calculate g(l).
0
Let j(y) = -y**3 + y**2 - 7. Let d(x) = x**2 + 10*x + 12. Let a be d(-9). Suppose a*g = 2*g. What is j(g)?
-7
Suppose -3*n = 6 + 3. Let l(f) = 6*f**2 + 2. Let s(p) = -5*p**2 - p - 2. Let j(k) = n*l(k) - 4*s(k). Give j(-2).
2
Suppose a = -2*i - 4, -a + 20 = -0*a - 4*i. Suppose -k = 3*k - 8. Let c(d) = -2*d - d + k - d + d**2. Calculate c(a).
2
Let l(z) be the first derivative of z**4/4 - z**2/2 - 6*z + 17. Give l(0).
-6
Let o(s) = -s**2 - 3*s - 2. Suppose -3*a + 22 = -5*t, 0 = -5*t - 2*a + 18 - 45. Give o(t).
-12
Let v(d) = d**2 - 6*d + 2. Let i(c) = c**3 - 4*c**2 + 3*c + 4. Let x be i(3). Let k = -3 + x. Let y be 6 + k + (-6)/2. Give v(y).
-6
Let l = 24 - 24. Let m(b) = -b**3 - b**2 + 6. Calculate m(l).
6
Let l(c) = c + 1 + 1 + 0. Suppose 0 = q + q + 3*f - 8, 5*f = -5*q + 20. Suppose 2*s + q = -2. Determine l(s).
-1
Let q(w) = -105 + 10*w + 44 + w**2 + 0*w**2 + 51. What is q(-10)?
-10
Let m(i) = 4*i**2 - 24*i - 21. Let x(y) = y**2 - 8*y - 7. Let g(d) = 2*m(d) - 7*x(d). Let l be g(-8). Let h(k) = -k**3 + 7*k**2 - k + 7. Calculate h(l).
0
Let x be (0 - (-7 - -2)) + -2. Let q(o) be the third derivative of -o**4/24 + 2*o**3/3 + o**2. Calculate q(x).
1
Let x(k) be the second derivative of k**5/10 - k**3/6 - 46*k. Calculate x(1).
1
Let v(r) be the third derivative of -r**7/1260 + r**6/720 + r**5/15 + r**2. Let f(q) be the third derivative of v(q). Determine f(1).
-3
Let m(a) = -a**3 + 2*a**2. Let v be m(2). Let k(n) be the first derivative of 2 - 2*n + 0*n**2 + 1/3*n**3. What is k(v)?
-2
Suppose -5*b = -2*b + 96. Let t = 18 + b. Let y be (-57)/(-21) + (-4)/t. Let q(h) = h**3 - 3*h**2 - 4*h + 1. Calculate q(y).
-11
Let u be (-17)/(-4) - (-1)/(-4). Suppose 0 = 4*s - 2*o + 16, -u*o = -5*s - 0*s - 17. Let g(t) = 3*t**2 - 3*t + 6*t**3 - 5*t**3 + 6 + t**2. Determine g(s).
-4
Let n(g) = -g**2 + 0*g + g**3 + 0*g. Let y(z) = z**2 - 11*z + 7. Let u be y(11). Suppose u*w = 2*w. Calculate n(w).
0
Let u(x) = -2 - 2*x**2 + x**3 + x**2 - 1. Suppose -r = r. What is u(r)?
-3
Let z be 3/6*(-6)/(-3). Let w(b) = 11 - 3 + z + 20*b + 2. Let u(y) = -10*y - 5. Let g(j) = -9*u(j) - 4*w(j). What is g(-1)?
-9
Let k(c) be the second derivative of -c**5/20 - c**4/12 + c**3/6 - c**2/2 + 26*c. Determine k(-2).
1
Let u(j) = -j**2 - 3. Suppose -3*l + 4 = -20. Let n = l + -2. Let i(a) = -a**2 - a - 2. Let o(p) = n*i(p) - 4*u(p). Calculate o(-4).
-8
Let s(b) = b**2 + 6*b + 4. Let n be s(-4). Let x(t) = 2*t. Calculate x(n).
-8
Suppose -5*j = 5*c - 3 - 7, 2*c = 3*j - 11. Let h(x) = 0 - x**2 - 2*x + 8*x + j. What is h(6)?
3
Let m(q) be the first derivative of -q**3/3 - 5*q**2/2 - 4*q + 9. Let z = -28 - -44. Suppose -5*u = -u + z. Give m(u).
0
Let a(m) = 3*m**3 + 16*m**2 + 27*m + 14. Let w(l) = 2*l**3 + 11*l**2 + 18*l + 9. Let v(t) = -5*a(t) + 8*w(t). Calculate v(-7).
-12
Suppose 5*j + 11 = -3*m, j + m + 3 = -0*j. Let s(a) = 5*a + 1. Let p(b) = -b. Let d(v) = -2*p(v) - s(v). Give d(j).
2
Suppose 0 = -z - z - 14. Let c(q) be the third derivative of -q**4/24 - 7*q**3/6 - 22*q**2. Calculate c(z).
0
Let j(z) = 6*z + 3. Suppose q = 3*q + h - 9, 0 = 3*q - 5*h + 6. Determine j(q).
21
Suppose 0 - 1 = -q. Let y(k) = -8*k + 12*k + k**2 - 2*k**2 + q - 2. What is y(4)?
-1
Let g(s) be the first derivative of -s**3/3 + 5*s**2/2 - 7*s - 2. Let t(l) = -1. Let d(c) = -g(c) + 6*t(c). Calculate d(3).
-5
Suppose 9 = f + 3*l - 5*l, 0 = -f - l. Let y(p) = -p - 2. Let o(q) = -q - 2. Let m(h) = f*o(h) - 2*y(h). Calculate m(3).
-5
Suppose -4*j - o = 9, -4*j - 6*o - 24 = -2*o. Let c(x) be the second derivative of 2*x**5/5 - x**3/6 - x**2/2 + 28*x. Give c(j).
-8
Let w = -5 - -3. Let i(c) = -c. Let h be i(w). Let s = h + -5. Let d(k) = -k**3 - 2*k**2 - 3. What is d(s)?
6
Let p(k) be the third derivative of k**4/12 - 4*k**3/3 - 9*k**2. What is p(6)?
4
Let m be (-7)/((-42)/9)*-2. Suppose 3*g - 2*g + 2 = 2*d, 2 = g. Let h(j) = -3*j - 2*j**3 + 2*j**2 + j**3 - 1 + d*j**3. What is h(m)?
-1
Suppose -8*f + 21 = -f. Let l(c) be the second derivative of -c - 3*c**2 + 0 + 1/6*c**f. What is l(5)?
-1
Suppose -i - 22 + 21 = 0. Let a(l) = -7*l**3 + l**2 + l. Determine a(i).
7
Let l(h) = -6*h**2 - 3*h - 3. Let a(y) be the first derivative of 7*y**3/3 + 3*y**2/2 + 3*y + 5. Let m(v) = -5*a(v) - 6*l(v). Let i = 2 - 6. Calculate m(i).
7
Let s(h) be the second derivative of h + 0 - 3/2*h**2 + 1/2*h**3. Give s(3).
6
Let p = 3 + -8. Suppose -3*v = 3*b - 12, 0*b + 3*v + 4 = b. Let o(x) = b + x + 0*x + 3. What is o(p)?
2
Let b(j) = -j**3 - 2*j**2 + 1. Let s be b(-1). Let l(g) = g**3 - g - 3. What is l(s)?
-3
Suppose -45 = -7*w + 2*w. Let h = 12 - w. Suppose -2 = -h*p + 10. Let v(g) = -2*g - 1. Calculate v(p).
-9
Let x = 3 - 0. Suppose -5*s = -46 + 6. Let d(a) = a + s + 3*a**2 - 2*a + a**2 - x*a**2. Calculate d(0).
8
Let w(q) = 6*q + 5 - 10 + 12. Let g(a) = -a. Let b(c) = -5*g(c) - w(c). Let h be ((-4)/10)/((-2)/(-20)). Calculate b(h).
-3
Let o(m) = m**2 + 0*m**2 + m**2 + 6*m. Give o(-4).
8
Let o(i) be the first derivative of -i**4/4 + 7*i**3/3 + i**2/2 - 4*i + 15. Determine o(7).
3
Suppose -v - 3*v = -z + 8, -4 = 2*v - z. Let a(i) = i + 1. Let f(p) = -2*p + 2. Let b(m) = 5*a(m) - f(m). What is b(v)?
-11
Let u be (4 - 2 - 0) + -2. Let k = u - -5. Suppose -4*v = q + 19 + 6, k*v - 3*q + 10 = 0. Let r(z) = z + 1. Calculate r(v).
-4
Let b(p) be the second derivative of p**5/20 - 5*p**4/12 - p**3/6 - 2*p**2 + 24*p. What is b(3)?
-25
Let o(v) = 15*v - 4*v**2 - 2*v - v**2 - 15 + 4*v**2. Let n be o(12). Let t(a) be the first derivative of a**4/4 + 2*a**3/3 - a**2/2 + 2*a + 1. What is t(n)?
-4
Let g(x) be the first derivative of 1/6*x**4 + 1 - 2/3*x**3 + x + 3/2*x**2. Let b(t) be the first derivative of g(t). Calculate b(2).
3
Let b(p) = -1. Let y(d) = d - 7. Let a(j) = -3*b(j) - y(j). Determine a(5).
5
Let l(s) be the first derivative of -s**7/840 + s**5/40 - s**4/24 + s**3 + 3. Let m(g) be the third derivative of l(g). Calculate m(2).
-3
Let c(t) = -4*t**2 + 9*t - 2. Let l(w) = 11*w**2 - 28*w + 7. Let r(o) = 8*c(o) + 3*l(o). Give r(11).
-6
Suppose 7*f = 4*f - 18. Let d(c) = c**3 + 7*c**2 + 6*c - 7. Calculate d(f).
-7
Let z(q) = 4*q**2 - 3*q**2 + 24 - 23. Calculate z(3).
10
Suppose -7 + 1 = -3*x. Let b = x + -1. Let d(w) = -12*w + 1. Let i(g) = g. Let f(l) = d(l) + 6*i(l). Give f(b).
-5
Let s(h) be the first derivative of -h**4/4 - h**3/3 + 3*h**2/2 - 2*h - 1. Let z = -3 - -5. Give s(z).
-8
Let z be 7/(-21) + (-16)/6. Let x be 1 - (z - 3)*-1. Let s(a) = 2*a + 2. Give s(x).
-8
Let m(n) = 5*n**3 - 3*n**2 + 7*n - 7. Let t(w) = -w**3 - w + 1. Let u be (1 - 0)/(5/30). Let v(x) = u*t(x) + m(x). What is v(-3)?
-4
Let i(j) = -j**2 + 7*j - 3. Let o(n) = n**3 - 20. Let a be o(0). Let w be (a/(-15))/((-4)/(-18)). Calculate i(w).
3
Suppose -4*a + 3 = -a + 3*k, a = k + 5. Let y(r) = -3*r + 3. Determine y(a).
-6
Let s(o) = -o + 1. Let q(h) = h + 4. Let b(g) = q(g) - 2*s(g). Suppose -2*w - 14 + 6 = 0. What is b(w)?
-10
Let s(z) = 4*z. Let a(k) = 9*k + 1. Let d(p) = -2*a(p) + 5*s(p). Give d(-3).
-8
Let f(t) = 9*t + 0*t**3 - 8*t**2 + t**3 - 195 + 193. Determine f(6).
-20
Let x(q) = 2 - q + 2*q**2 - 2 + 1 + q**3. Suppose 0*l = l. Suppose l*r = 5*r + 15. What is x(r)?
-5
Let g(u) = u**2 - 17*u. Let n be g(17). Let l(y) = y**2 - 18. Determine l(n).
-18
Let n(t) = -6 + 3*t - 5*t - 4*t**2 + t**